2, 67, 2467, 5807
List the prime factors of 411030831.
3, 137010277
What are the prime factors of 1645930788?
2, 3, 47, 59, 49463
List the prime factors of 5621396868.
2, 3, 17, 3061763
What are the prime factors of 50104245?
3, 5, 43, 77681
What are the prime factors of 20784940?
2, 5, 11, 94477
List the prime factors of 562227836.
2, 1039, 135281
List the prime factors of 1064048956.
2, 173, 1537643
What are the prime factors of 48328905?
3, 5, 1033, 3119
What are the prime factors of 843901866?
2, 3, 103, 379, 1201
List the prime factors of 43500638.
2, 29, 787, 953
What are the prime factors of 354619979?
7, 53, 137, 6977
List the prime factors of 12953447.
13, 163, 6113
What are the prime factors of 2424729844?
2, 59, 223, 46073
What are the prime factors of 45025292?
2, 13, 865871
What are the prime factors of 50568808?
2, 29, 217969
What are the prime factors of 344676669?
3, 887, 129529
What are the prime factors of 365524570?
2, 5, 53, 439, 1571
List the prime factors of 102344173.
59, 1734647
What are the prime factors of 43262680?
2, 5, 229, 4723
What are the prime factors of 2978859603?
3, 37, 26836573
List the prime factors of 28806668.
2, 11, 654697
List the prime factors of 1000687809.
3, 11, 30323873
What are the prime factors of 730247808?
2, 3, 149, 12763
What are the prime factors of 141360972?
2, 3, 11780081
List the prime factors of 1505902075.
5, 17, 3543299
List the prime factors of 408168336.
2, 3, 19, 487, 919
List the prime factors of 335751642.
2, 3, 191, 3617
List the prime factors of 937059140.
2, 5, 46852957
What are the prime factors of 167920481?
163, 421, 2447
What are the prime factors of 32647473?
3, 59, 61483
List the prime factors of 67375042.
2, 7, 4812503
List the prime factors of 39329775.
3, 5, 174799
List the prime factors of 172582402.
2, 17, 47, 107999
What are the prime factors of 23181669?
3, 7, 47, 7829
What are the prime factors of 413230136?
2, 11, 4695797
List the prime factors of 94127112.
2, 3, 37, 89, 397
List the prime factors of 132442445.
5, 19, 1394131
What are the prime factors of 96524516?
2, 11, 2193739
List the prime factors of 65694859.
31, 2119189
What are the prime factors of 19770835?
5, 7, 564881
List the prime factors of 1964201399.
19, 257, 402253
List the prime factors of 29879785.
5, 13, 103, 4463
What are the prime factors of 1291918345?
5, 258383669
List the prime factors of 98018365.
5, 37, 529829
List the prime factors of 33957738.
2, 3, 17, 71, 521
List the prime factors of 1405235544.
2, 3, 58551481
List the prime factors of 16000589.
11, 1454599
List the prime factors of 456046692.
2, 3, 17, 29, 157, 491
List the prime factors of 15864632.
2, 7, 40471
What are the prime factors of 38856764?
2, 17, 31, 18433
What are the prime factors of 93632113?
43, 827, 2633
List the prime factors of 423334189.
617, 686117
What are the prime factors of 39050108?
2, 1109, 8803
What are the prime factors of 745693372?
2, 17, 10966079
List the prime factors of 167383474.
2, 1579, 53003
What are the prime factors of 377738314?
2, 53, 3563569
What are the prime factors of 4213952263?
8093, 520691
What are the prime factors of 66712006?
2, 23, 29, 43, 1163
List the prime factors of 28723624.
2, 149, 24097
List the prime factors of 678885009.
3, 11, 499, 41227
What are the prime factors of 49432469?
89, 555421
What are the prime factors of 9656503781?
29, 332982889
List the prime factors of 701799776.
2, 21931243
What are the prime factors of 3008053684?
2, 89, 1531, 5519
What are the prime factors of 2466633069?
3, 9859, 27799
List the prime factors of 560815172.
2, 19, 31, 238037
List the prime factors of 40983642.
2, 3, 7, 37, 59, 149
What are the prime factors of 516565284?
2, 3, 29, 397, 3739
What are the prime factors of 4048249152?
2, 3, 21084631
What are the prime factors of 5740972315?
5, 13, 41, 71, 30341
List the prime factors of 1756807169.
13, 31, 457, 9539
What are the prime factors of 691480178?
2, 345740089
List the prime factors of 256521035.
5, 4519, 11353
What are the prime factors of 233022144?
2, 3, 1213657
What are the prime factors of 88366082?
2, 7, 79, 109, 733
List the prime factors of 48066914.
2, 7, 3433351
What are the prime factors of 64022545?
5, 12804509
What are the prime factors of 139678148?
2, 34919537
What are the prime factors of 47055018?
2, 3, 7842503
List the prime factors of 34234825.
5, 1369393
What are the prime factors of 55248175?
5, 127, 17401
What are the prime factors of 281436360?
2, 3, 5, 17, 19, 53, 137
List the prime factors of 96535602.
2, 3, 43, 191, 653
List the prime factors of 4356812959.
4567, 953977
What are the prime factors of 1212117627?
3, 7, 257, 224591
List the prime factors of 5484790126.
2, 29, 211, 448177
List the prime factors of 196555483.
3217, 61099
What are the prime factors of 7147873403?
11, 649806673
List the prime factors of 56575646.
2, 431, 65633
What are the prime factors of 521475017?
7, 17, 4382143
List the prime factors of 87598255.
5, 857, 20443
What are the prime factors of 62042258?
2, 19, 1632691
List the prime factors of 468838644.
2, 3, 39069887
What are the prime factors of 1798007?
277, 6491
What are the prime factors of 20015852?
2, 5003963
What are the prime factors of 91629466?
2, 45814733
List the prime factors of 1390952033.
263, 607, 8713
List the prime factors of 207023663.
7, 11, 29, 83, 1117
What are the prime factors of 223647490?
2, 5, 11, 2033159
What are the prime factors of 21574449?
3, 13, 97, 1901
What are the prime factors of 5301027794?
2, 2650513897
List the prime factors of 331286082.
2, 3, 29, 439, 4337
What are the prime factors of 38512318?
2, 13, 73, 103, 197
List the prime factors of 161774970.
2, 3, 5, 7, 110051
What are the prime factors of 514135?
5, 31, 107
What are the prime factors of 766910378?
2, 13, 29496553
List the prime factors of 77990233.
77990233
What are the prime factors of 51290412?
2, 3, 4274201
List the prime factors of 1236715198.
2, 23, 149, 180437
List the prime factors of 4644436943.
23, 201932041
What are the prime factors of 431630158?
2, 71, 3039649
List the prime factors of 4391187479.
7, 31, 157, 18413
What are the prime factors of 301774153?
269, 1121837
What are the prime factors of 36973201?
36973201
What are the prime factors of 66770737?
11, 89, 241, 283
What are the prime factors of 565800341?
17, 3203, 10391
List the prime factors of 330292308.
2, 3, 61, 107, 4217
List the prime factors of 546021775.
5, 13, 881, 1907
What are the prime factors of 74420270?
2, 5, 47, 158341
What are the prime factors of 52629633?
3, 7, 835391
What are the prime factors of 320855733?
3, 11, 3240967
List the prime factors of 55772914.
2, 71, 392767
What are the prime factors of 71773286?
2, 13, 17, 12491
What are the prime factors of 1481335587?
3, 54864281
List the prime factors of 201411401.
787, 255923
What are the prime factors of 22578311?
7, 43, 75011
List the prime factors of 62258637.
3, 7, 2964697
List the prime factors of 15859787.
467, 33961
List the prime factors of 52165639.
17, 3068567
List the prime factors of 79747511.
79747511
What are the prime factors of 1097187254?
2, 548593627
List the prime factors of 3239261675.
5, 13, 251, 39709
What are the prime factors of 58140510?
2, 3, 5, 17, 114001
What are the prime factors of 568175177?
179, 3174163
What are the prime factors of 601693180?
2, 5, 11, 2734969
List the prime factors of 384391913.
17, 941, 24029
What are the prime factors of 4864432?
2, 59, 5153
What are the prime factors of 269313523?
31, 280243
List the prime factors of 269051145.
3, 5, 11, 977, 1669
What are the prime factors of 2004658489?
2004658489
List the prime factors of 2275298990.
2, 5, 43, 5291393
List the prime factors of 4259828632.
2, 532478579
What are the prime factors of 458678862?
2, 3, 37, 59, 1297
What are the prime factors of 132277024?
2, 11, 375787
List the prime factors of 148350002.
2, 293, 253157
List the prime factors of 123067409.
67, 1836827
List the prime factors of 247368234.
2, 3, 281, 146719
List the prime factors of 554647794.
2, 3, 29, 3187631
What are the prime factors of 1960064087?
1960064087
List the prime factors of 29865898.
2, 2423, 6163
What are the prime factors of 2194997226?
2, 3,